late the greatest common factor of 1215 and 1800.
45
What is the greatest common divisor of 69 and 5043?
3
What is the highest common divisor of 532270 and 25?
5
Calculate the greatest common factor of 2386440 and 80.
40
What is the highest common factor of 291 and 733708?
97
Calculate the greatest common factor of 53061 and 1656.
69
What is the greatest common factor of 95104 and 18575?
743
What is the greatest common divisor of 79386 and 13938?
606
What is the highest common divisor of 686 and 124754?
98
Calculate the greatest common factor of 461 and 167.
1
What is the highest common divisor of 231200 and 640?
160
Calculate the greatest common divisor of 2355 and 476495.
785
Calculate the greatest common factor of 252 and 10780.
28
What is the highest common factor of 65567 and 1903?
173
Calculate the highest common factor of 324513 and 756.
189
What is the greatest common divisor of 61 and 82106?
61
Calculate the highest common factor of 7839 and 936.
117
Calculate the greatest common divisor of 5327 and 77.
7
What is the greatest common factor of 1629580 and 40?
20
What is the highest common factor of 132550 and 2750?
550
What is the greatest common factor of 3262842 and 162?
162
What is the greatest common divisor of 775103 and 63?
7
What is the highest common divisor of 32 and 2032544?
32
Calculate the greatest common divisor of 20625 and 396.
33
Calculate the greatest common divisor of 55532 and 292.
4
Calculate the highest common factor of 7750 and 7250.
250
Calculate the greatest common divisor of 24 and 68344.
8
What is the greatest common divisor of 764547 and 294?
147
Calculate the highest common factor of 250365 and 45.
15
Calculate the greatest common divisor of 496 and 5146.
62
Calculate the greatest common divisor of 30 and 44976.
6
What is the greatest common divisor of 636 and 404?
4
What is the highest common divisor of 11286 and 76923?
297
Calculate the highest common factor of 122794 and 8.
2
What is the greatest common divisor of 62643 and 2109?
57
Calculate the highest common factor of 321 and 53500.
107
What is the greatest common divisor of 568854 and 792?
198
Calculate the highest common factor of 5945 and 11455.
145
Calculate the highest common divisor of 3144 and 24104.
1048
Calculate the greatest common divisor of 6630 and 270.
30
Calculate the highest common divisor of 7076 and 6786.
58
What is the highest common factor of 12761 and 91?
7
What is the greatest common factor of 12 and 24348?
12
What is the greatest common divisor of 12624 and 2160?
48
What is the greatest common factor of 21 and 95802?
21
Calculate the greatest common divisor of 5256 and 4029381.
657
What is the greatest common divisor of 209 and 180939?
11
What is the highest common factor of 620 and 21260?
20
Calculate the greatest common factor of 726 and 1382.
2
Calculate the highest common divisor of 880 and 1155.
55
What is the highest common factor of 304479 and 5012?
1253
What is the greatest common factor of 223977 and 39?
39
What is the highest common factor of 10 and 2566?
2
What is the greatest common factor of 3871 and 1817?
79
What is the greatest common divisor of 17 and 11645170?
17
Calculate the highest common factor of 87178 and 4186.
182
What is the greatest common factor of 150 and 1205850?
150
What is the greatest common factor of 7250 and 19750?
250
Calculate the greatest common divisor of 91 and 64519.
91
What is the highest common factor of 26 and 3614?
26
Calculate the highest common divisor of 159445 and 33.
11
What is the greatest common divisor of 3296717 and 233?
233
What is the greatest common divisor of 132 and 151044?
12
Calculate the greatest common divisor of 78564 and 24.
12
Calculate the greatest common factor of 16443 and 315.
63
What is the greatest common factor of 393200 and 64?
16
What is the highest common divisor of 321 and 68480?
107
What is the greatest common divisor of 2178886 and 58?
58
What is the highest common divisor of 924439 and 23?
23
Calculate the highest common factor of 1640 and 41328.
328
What is the highest common divisor of 4 and 85543?
1
What is the highest common factor of 242 and 740641?
121
What is the greatest common factor of 170 and 5990?
10
Calculate the highest common factor of 140 and 31332.
28
What is the greatest common factor of 67 and 4382671?
67
What is the highest common factor of 729981 and 63?
63
Calculate the highest common divisor of 119537 and 649.
11
Calculate the highest common factor of 5750 and 7000.
250
Calculate the highest common factor of 54628 and 28.
28
What is the highest common divisor of 1392 and 1537?
29
What is the greatest common factor of 110 and 150733?
11
What is the greatest common divisor of 957 and 4323?
33
Calculate the greatest common divisor of 1197842 and 846.
94
What is the greatest common divisor of 180614 and 133?
133
Calculate the greatest common divisor of 118640 and 80.
80
What is the greatest common divisor of 3460 and 2920?
20
What is the highest common divisor of 796675 and 2475?
275
Calculate the highest common divisor of 13878 and 528906.
1542
What is the greatest common factor of 557736 and 255?
51
What is the highest common factor of 621 and 5129?
23
Calculate the highest common factor of 1035 and 80615.
115
What is the greatest common factor of 642087 and 54?
27
What is the greatest common factor of 4450 and 274?
2
Calculate the highest common divisor of 298642 and 522.
58
Calculate the greatest common factor of 241 and 67721.
241
What is the greatest common factor of 223412 and 99540?
2212
What is the highest common factor of 1436115 and 855?
285
Calculate the greatest common factor of 104655 and 30.
15
What is the greatest common divisor of 208 and 32162?
26
Calculate the greatest common factor of 1258561 and 51.
17
Calculate the highest common factor of 141541 and 59.
59
What is the highest common divisor of 77 and 217553?
7
Calculate the highest common factor of 6557 and 2241.
83
Calculate the greatest common divisor of 170987 and 2771.
163
Calculate the greatest common divisor of 167070 and 180.
30
What is the greatest common divisor of 12662 and 14610?
974
Calculate the highest common factor of 170786 and 7084.
154
Calculate the greatest common divisor of 2635772 and 4.
4
What is the greatest common divisor of 6315 and 1620429?
1263
What is the highest common divisor of 45484 and 1660?
332
Calculate the greatest common factor of 1656 and 11224.
184
Calculate the greatest common factor of 431868 and 612.
204
Calculate the highest common factor of 67456 and 2448.
272
What is the greatest common divisor of 152 and 15371?
19
What is the highest common divisor of 2 and 662029?
1
Calculate the highest common factor of 516 and 20712.
12
Calculate the highest common factor of 62084 and 704.
44
What is the greatest common divisor of 257320 and 84?
28
What is the greatest common divisor of 532689 and 222?
111
Calculate the greatest common divisor of 384 and 6864.
48
What is the greatest common divisor of 678960 and 180?
180
Calculate the greatest common factor of 1719 and 729.
9
What is the highest common factor of 162910 and 1342?
22
Calculate the highest common factor of 62883 and 6885.
459
Calculate the highest common divisor of 585 and 1807.
13
What is the greatest common factor of 335 and 160063?
67
What is the greatest common factor of 435 and 24375?
15
What is the greatest common factor of 13800 and 2350?
50
What is the highest common factor of 122228 and 16?
4
Calculate the greatest common factor of 115457 and 263.
263
Calculate the greatest common factor of 3 and 7780.
1
Calculate the highest common factor of 16032 and 576.
96
What is the greatest common divisor of 113 and 206677?
113
What is the highest common factor of 6617 and 2405?
13
Calculate the greatest common factor of 2323 and 1313.
101
Calculate the highest common factor of 209 and 17743.
11
What is the highest common factor of 260690 and 2985?
995
What is the highest common factor of 754 and 10985?
13
What is the highest common factor of 5540 and 409406?
554
What is the highest common divisor of 290 and 1187260?
290
Calculate the highest common factor of 480 and 4965.
15
What is the highest common divisor of 5145 and 129885?
105
Calculate the greatest commo